{"id":158,"date":"2024-10-04T10:15:45","date_gmt":"2024-10-04T13:15:45","guid":{"rendered":"http:\/\/almpm.org.br\/?page_id=158"},"modified":"2024-11-19T14:49:50","modified_gmt":"2024-11-19T17:49:50","slug":"presidentes-eventos","status":"publish","type":"page","link":"https:\/\/almpm.org.br\/index.php\/presidentes-eventos\/","title":{"rendered":"Presidentes Eventos"},"content":{"rendered":"\n<h2 class=\"wp-block-heading\">Diretoria de Eventos<\/h2>\n\n\n\n<figure class=\"wp-block-table is-style-stripes has-small-font-size\"><table class=\"has-fixed-layout\"><thead><tr><th class=\"has-text-align-left\" data-align=\"left\"><strong>Integrante<\/strong><\/th><th class=\"has-text-align-left\" data-align=\"left\"><strong>Loja<\/strong><\/th><\/tr><\/thead><tbody><tr><td class=\"has-text-align-left\" data-align=\"left\">\u00c1lvaro Celso Ferreira<\/td><td class=\"has-text-align-left\" data-align=\"left\">Loja Ma\u00e7\u00f4nica F\u00eanix do Alto Parana\u00edba, n\u00ba 2552<\/td><\/tr><tr><td class=\"has-text-align-left\" data-align=\"left\">Levi Agnelo de Moura<\/td><td class=\"has-text-align-left\" data-align=\"left\">Loja Ma\u00e7\u00f4nica Renova\u00e7\u00e3o e Sabedoria, n\u00ba 3489<\/td><\/tr><tr><td class=\"has-text-align-left\" data-align=\"left\">Marcelo Alves de Morais<\/td><td class=\"has-text-align-left\" data-align=\"left\">Loja Ma\u00e7\u00f4nica Esfor\u00e7o e Trabalho, n\u00ba 67<\/td><\/tr><tr><td class=\"has-text-align-left\" data-align=\"left\">Sandoval Terto de Oliveira<\/td><td class=\"has-text-align-left\" data-align=\"left\">Loja Ma\u00e7\u00f4nica Amor e Justi\u00e7a 3\u00aa, n\u00ba 47<\/td><\/tr><tr><td class=\"has-text-align-left\" data-align=\"left\">Sidney Leonardo da Costa<\/td><td class=\"has-text-align-left\" data-align=\"left\">Loja Ma\u00e7\u00f4nica Paz e Harmonia, n\u00ba 281<\/td><\/tr><tr><td class=\"has-text-align-left\" data-align=\"left\">Adilson Jos\u00e9 dos Santos<\/td><td class=\"has-text-align-left\" data-align=\"left\">Loja Ma\u00e7\u00f4nica\u00a0Alfredo Armada, n\u00ba 335<\/td><\/tr><tr><td class=\"has-text-align-left\" data-align=\"left\"><\/td><td class=\"has-text-align-left\" data-align=\"left\"><\/td><\/tr><tr><td class=\"has-text-align-left\" data-align=\"left\"><\/td><td class=\"has-text-align-left\" data-align=\"left\"><\/td><\/tr><tr><td class=\"has-text-align-left\" data-align=\"left\"><\/td><td class=\"has-text-align-left\" data-align=\"left\"><\/td><\/tr><tr><td class=\"has-text-align-left\" data-align=\"left\"><\/td><td class=\"has-text-align-left\" data-align=\"left\"><\/td><\/tr><\/tbody><\/table><\/figure>\n","protected":false},"excerpt":{"rendered":"<p>Diretoria de Eventos Integrante Loja \u00c1lvaro Celso Ferreira Loja Ma\u00e7\u00f4nica F\u00eanix do Alto Parana\u00edba, n\u00ba 2552 Levi Agnelo de Moura Loja Ma\u00e7\u00f4nica Renova\u00e7\u00e3o e Sabedoria, n\u00ba 3489 Marcelo Alves de Morais Loja Ma\u00e7\u00f4nica Esfor\u00e7o e Trabalho, n\u00ba 67 Sandoval Terto de Oliveira Loja Ma\u00e7\u00f4nica Amor e Justi\u00e7a 3\u00aa, n\u00ba 47 Sidney Leonardo da Costa Loja&#8230;<\/p>\n","protected":false},"author":1,"featured_media":0,"parent":0,"menu_order":0,"comment_status":"closed","ping_status":"closed","template":"","meta":{"ngg_post_thumbnail":0,"footnotes":""},"class_list":["post-158","page","type-page","status-publish","hentry"],"_links":{"self":[{"href":"https:\/\/almpm.org.br\/index.php\/wp-json\/wp\/v2\/pages\/158","targetHints":{"allow":["GET"]}}],"collection":[{"href":"https:\/\/almpm.org.br\/index.php\/wp-json\/wp\/v2\/pages"}],"about":[{"href":"https:\/\/almpm.org.br\/index.php\/wp-json\/wp\/v2\/types\/page"}],"author":[{"embeddable":true,"href":"https:\/\/almpm.org.br\/index.php\/wp-json\/wp\/v2\/users\/1"}],"replies":[{"embeddable":true,"href":"https:\/\/almpm.org.br\/index.php\/wp-json\/wp\/v2\/comments?post=158"}],"version-history":[{"count":3,"href":"https:\/\/almpm.org.br\/index.php\/wp-json\/wp\/v2\/pages\/158\/revisions"}],"predecessor-version":[{"id":273,"href":"https:\/\/almpm.org.br\/index.php\/wp-json\/wp\/v2\/pages\/158\/revisions\/273"}],"wp:attachment":[{"href":"https:\/\/almpm.org.br\/index.php\/wp-json\/wp\/v2\/media?parent=158"}],"curies":[{"name":"wp","href":"https:\/\/api.w.org\/{rel}","templated":true}]}}